{"id":12,"date":"2021-04-17T15:26:56","date_gmt":"2021-04-17T15:26:56","guid":{"rendered":"http:\/\/czyzewski.blog\/?page_id=12"},"modified":"2021-04-17T15:26:56","modified_gmt":"2021-04-17T15:26:56","slug":"nowe-muzeum-sztuki-nowoczesnej-otwarlo-swoje-powoje","status":"publish","type":"page","link":"https:\/\/czyzewski.blog\/index.php\/nowe-muzeum-sztuki-nowoczesnej-otwarlo-swoje-powoje\/","title":{"rendered":"Nowe Muzeum Sztuki Nowoczesnej otwar\u0142o swoje powoje"},"content":{"rendered":"<div class=\"wp-block-group alignwide\"><div class=\"wp-block-group__inner-container is-layout-flow wp-block-group-is-layout-flow\"><h2 class=\"has-text-align-center wp-block-heading\">Najwa\u017cniejsze miejsce dla sztuki wsp\u00f3\u0142czesnej w p\u00f3\u0142nocnej Szwecji. W lato otwarte codziennie od 10 do 18.<\/h2><\/div><\/div><div class=\"wp-block-columns alignwide is-layout-flex wp-container-core-columns-is-layout-9d6595d7 wp-block-columns-is-layout-flex\"><div class=\"wp-block-column is-layout-flow wp-block-column-is-layout-flow\"><div class=\"wp-block-group\"><div class=\"wp-block-group__inner-container is-layout-flow wp-block-group-is-layout-flow\"><figure class=\"wp-block-image alignfull size-full\"><img decoding=\"async\" src=\"http:\/\/czyzewski.blog\/wp-content\/themes\/twentytwenty\/assets\/images\/2020-three-quarters-1.png\" alt=\"\" class=\"wp-image-37\"\/><\/figure><h3 class=\"wp-block-heading\">Prace i dni<\/h3><p>Sierpie\u0144 1 &#8212; Grudzie\u0144 1<\/p><div class=\"wp-block-button is-style-outline is-style-outline--1\"><a class=\"wp-block-button__link\" href=\"https:\/\/make.wordpress.org\/core\/2019\/09\/27\/block-editor-theme-related-updates-in-wordpress-5-3\/\">Czytaj wi\u0119cej<\/a><\/div><\/div><\/div><div class=\"wp-block-group\"><div class=\"wp-block-group__inner-container is-layout-flow wp-block-group-is-layout-flow\"><figure class=\"wp-block-image alignfull size-full\"><img decoding=\"async\" src=\"http:\/\/czyzewski.blog\/wp-content\/themes\/twentytwenty\/assets\/images\/2020-three-quarters-3.png\" alt=\"\" class=\"wp-image-37\"\/><\/figure><h3 class=\"wp-block-heading\">Obszar dzia\u0142ania<\/h3><p>Pa\u017adziernik 1 &#8212; Grudzie\u0144 1<\/p><div class=\"wp-block-button is-style-outline is-style-outline--2\"><a class=\"wp-block-button__link\" href=\"https:\/\/make.wordpress.org\/core\/2019\/09\/27\/block-editor-theme-related-updates-in-wordpress-5-3\/\">Czytaj wi\u0119cej<\/a><\/div><\/div><\/div><\/div><div class=\"wp-block-column is-layout-flow wp-block-column-is-layout-flow\"><div class=\"wp-block-group\"><div class=\"wp-block-group__inner-container is-layout-flow wp-block-group-is-layout-flow\"><figure class=\"wp-block-image alignfull size-full\"><img decoding=\"async\" src=\"http:\/\/czyzewski.blog\/wp-content\/themes\/twentytwenty\/assets\/images\/2020-three-quarters-2.png\" alt=\"\" class=\"wp-image-37\"\/><\/figure><h3 class=\"wp-block-heading\">\u017bycie na kt\u00f3re zas\u0142uguj\u0119<\/h3><p>Sierpie\u0144 1 &#8212; Grudzie\u0144 1<\/p><div class=\"wp-block-button is-style-outline is-style-outline--3\"><a class=\"wp-block-button__link\" href=\"https:\/\/make.wordpress.org\/core\/2019\/09\/27\/block-editor-theme-related-updates-in-wordpress-5-3\/\">Czytaj wi\u0119cej<\/a><\/div><\/div><\/div><div class=\"wp-block-group\"><div class=\"wp-block-group__inner-container is-layout-flow wp-block-group-is-layout-flow\"><figure class=\"wp-block-image alignfull size-full\"><img decoding=\"async\" src=\"http:\/\/czyzewski.blog\/wp-content\/themes\/twentytwenty\/assets\/images\/2020-three-quarters-4.png\" alt=\"\" class=\"wp-image-37\"\/><\/figure><h3 class=\"wp-block-heading\">Od Signac do Matisse<\/h3><p>Pa\u017adziernik 1 &#8212; Grudzie\u0144 1<\/p><div class=\"wp-block-button is-style-outline is-style-outline--4\"><a class=\"wp-block-button__link\" href=\"https:\/\/make.wordpress.org\/core\/2019\/09\/27\/block-editor-theme-related-updates-in-wordpress-5-3\/\">Czytaj wi\u0119cej<\/a><\/div><\/div><\/div><\/div><\/div><figure class=\"wp-block-image alignfull size-full\"><img decoding=\"async\" src=\"http:\/\/czyzewski.blog\/wp-content\/themes\/twentytwenty\/assets\/images\/2020-landscape-2.png\" alt=\"\" class=\"wp-image-37\"\/><\/figure><div class=\"wp-block-group alignwide\"><div class=\"wp-block-group__inner-container is-layout-flow wp-block-group-is-layout-flow\"><h2 class=\"has-accent-color has-text-align-center wp-block-heading\">&#8220;Cyborgi, jak ustali\u0142a filozof Donna Haraway, nie okazuj\u0105 czci. Nie pami\u0119taj\u0105 kosmosu.&#8221;<\/h2><\/div><\/div><p class=\"has-drop-cap\">Na siedmiu pi\u0119trach efektownej architektury Muzeum Sztuki Nowoczesnej mo\u017cna zobaczy\u0107 wystawy mi\u0119dzynarodowej sztuki wsp\u00f3\u0142czesnej, czasami wraz z historyczn\u0105 retrospektyw\u0105. Zagadnienia egzystencjalne, polityczne i filozoficzne s\u0105 g\u0142\u00f3wnym w\u0105tkiem programu. Dla odwiedzaj\u0105cych przygotowane zosta\u0142y r\u00f3\u017cne formy zwiedzania jak np. oprowadzanie z przewodnikiem, spotkania z artystami, wyk\u0142ady, pokazy filmowe i wiele innych. Wst\u0119p jest wolny.<\/p><p>Wystawy powstaj\u0105 przy wsp\u00f3\u0142pracy Muzeum Sztuki Nowoczesnej z artystami i muzeami na ca\u0142ym \u015bwiecie, przez co bardzo cz\u0119sto przyci\u0105gaj\u0105 uwag\u0119 mi\u0119dzynarodow\u0105. Muzeum Sztuki Nowoczesnej otrzyma\u0142o specjalne wyr\u00f3\u017cnienie Europejskiego Muzeum Roku i by\u0142o jednym z najlepszych kandydat\u00f3w do nagrody Szwedzkiego Muzeum Roku, a tak\u017ce do nagrody Muzeum Rady Europy.<\/p><p><\/p><div class=\"wp-block-group alignwide has-background\" style=\"background-color:#ffffff\"><div class=\"wp-block-group__inner-container is-layout-flow wp-block-group-is-layout-flow\"><div class=\"wp-block-group\"><div class=\"wp-block-group__inner-container is-layout-flow wp-block-group-is-layout-flow\"><h2 class=\"has-text-align-center wp-block-heading\">Do\u0142\u0105cz i otrzymuj ekskluzywne oferty!<\/h2><p class=\"has-text-align-center\">Subskrybenci maj\u0105 dost\u0119p do ekskluzywnych eksponat\u00f3w i wyprzeda\u017cy. Cz\u0142onkostwo kosztuje 99,99 PLN i jest naliczane raz do roku.<\/p><div class=\"wp-block-button aligncenter\"><a class=\"wp-block-button__link\" href=\"https:\/\/make.wordpress.org\/core\/2019\/09\/27\/block-editor-theme-related-updates-in-wordpress-5-3\/\">Do\u0142\u0105cz do klubu<\/a><\/div><\/div><\/div><\/div><\/div><figure class=\"wp-block-gallery alignwide columns-2 is-cropped wp-block-gallery-5 is-layout-flex wp-block-gallery-is-layout-flex\"><ul class=\"blocks-gallery-grid\"><li class=\"blocks-gallery-item\"><figure><img decoding=\"async\" src=\"http:\/\/czyzewski.blog\/wp-content\/themes\/twentytwenty\/assets\/images\/2020-square-2.png\" alt=\"\" data-id=\"39\" data-full-url=\"http:\/\/czyzewski.blog\/wp-content\/themes\/twentytwenty\/assets\/images\/2020-square-2.png\" data-link=\"assets\/images\/2020-square-2\/\" class=\"wp-image-39\"\/><\/figure><\/li><li class=\"blocks-gallery-item\"><figure><img decoding=\"async\" src=\"http:\/\/czyzewski.blog\/wp-content\/themes\/twentytwenty\/assets\/images\/2020-square-1.png\" alt=\"\" data-id=\"38\" data-full-url=\"http:\/\/czyzewski.blog\/wp-content\/themes\/twentytwenty\/assets\/images\/2020-square-1.png\" data-link=\"http:\/\/czyzewski.blog\/wp-content\/themes\/twentytwenty\/assets\/images\/2020-square-1\/\" class=\"wp-image-38\"\/><\/figure><\/li><\/ul><\/figure>","protected":false},"excerpt":{"rendered":"<p>Najwa\u017cniejsze miejsce dla sztuki wsp\u00f3\u0142czesnej w p\u00f3\u0142nocnej Szwecji. W lato otwarte codziennie od 10 do 18. Prace i dni Sierpie\u0144 1 &#8212; Grudzie\u0144 1 Obszar dzia\u0142ania Pa\u017adziernik 1 &#8212; Grudzie\u0144 1 \u017bycie na kt\u00f3re zas\u0142uguj\u0119 Sierpie\u0144 1 &#8212; Grudzie\u0144 1 Od Signac do Matisse Pa\u017adziernik 1 &#8212; Grudzie\u0144 1 &#8220;Cyborgi, jak ustali\u0142a filozof Donna Haraway, &hellip; <\/p>\n<p class=\"link-more\"><a href=\"https:\/\/czyzewski.blog\/index.php\/nowe-muzeum-sztuki-nowoczesnej-otwarlo-swoje-powoje\/\" class=\"more-link\">Czytaj dalej<span class=\"screen-reader-text\"> \u201eNowe Muzeum Sztuki Nowoczesnej otwar\u0142o swoje powoje\u201d<\/span><\/a><\/p>\n","protected":false},"author":1,"featured_media":0,"parent":0,"menu_order":0,"comment_status":"closed","ping_status":"closed","template":"","meta":{"footnotes":""},"class_list":["post-12","page","type-page","status-publish","hentry"],"_links":{"self":[{"href":"https:\/\/czyzewski.blog\/index.php\/wp-json\/wp\/v2\/pages\/12","targetHints":{"allow":["GET"]}}],"collection":[{"href":"https:\/\/czyzewski.blog\/index.php\/wp-json\/wp\/v2\/pages"}],"about":[{"href":"https:\/\/czyzewski.blog\/index.php\/wp-json\/wp\/v2\/types\/page"}],"author":[{"embeddable":true,"href":"https:\/\/czyzewski.blog\/index.php\/wp-json\/wp\/v2\/users\/1"}],"replies":[{"embeddable":true,"href":"https:\/\/czyzewski.blog\/index.php\/wp-json\/wp\/v2\/comments?post=12"}],"version-history":[{"count":1,"href":"https:\/\/czyzewski.blog\/index.php\/wp-json\/wp\/v2\/pages\/12\/revisions"}],"predecessor-version":[{"id":17,"href":"https:\/\/czyzewski.blog\/index.php\/wp-json\/wp\/v2\/pages\/12\/revisions\/17"}],"wp:attachment":[{"href":"https:\/\/czyzewski.blog\/index.php\/wp-json\/wp\/v2\/media?parent=12"}],"curies":[{"name":"wp","href":"https:\/\/api.w.org\/{rel}","templated":true}]}}